e units digit of 37445574?
4
What is the units digit of 704114317?
7
What is the ten millions digit of 2741007769?
4
What is the hundreds digit of 809372993?
9
What is the units digit of 6596894?
4
What is the units digit of 74491692?
2
What is the hundred millions digit of 975645840?
9
What is the millions digit of 5277120913?
7
What is the thousands digit of 230469878?
9
What is the hundreds digit of 1274461482?
4
What is the ten millions digit of 95922552?
9
What is the units digit of 39690875?
5
What is the billions digit of 2509790774?
2
What is the thousands digit of 16378775?
8
What is the hundred thousands digit of 3261470779?
4
What is the hundred millions digit of 944182422?
9
What is the units digit of 29361942?
2
What is the ten millions digit of 892100567?
9
What is the millions digit of 162277803?
2
What is the ten thousands digit of 2527412?
2
What is the millions digit of 3291151889?
1
What is the billions digit of 1278952815?
1
What is the ten millions digit of 836112607?
3
What is the tens digit of 2880539636?
3
What is the hundred thousands digit of 282741899?
7
What is the hundreds digit of 585827214?
2
What is the ten thousands digit of 539269128?
6
What is the ten thousands digit of 40125455?
2
What is the ten millions digit of 236845620?
3
What is the ten thousands digit of 2422394915?
9
What is the ten millions digit of 506445453?
0
What is the hundred millions digit of 740253462?
7
What is the hundred thousands digit of 1258642?
2
What is the hundred millions digit of 217979892?
2
What is the ten thousands digit of 147642189?
4
What is the thousands digit of 613839020?
9
What is the units digit of 52200602?
2
What is the ten millions digit of 216352533?
1
What is the billions digit of 2255199676?
2
What is the hundred thousands digit of 32009247?
0
What is the millions digit of 73424239?
3
What is the units digit of 668443868?
8
What is the hundreds digit of 1619058174?
1
What is the millions digit of 30353634?
0
What is the tens digit of 1175733626?
2
What is the hundred thousands digit of 223057392?
0
What is the tens digit of 8267304857?
5
What is the tens digit of 684287660?
6
What is the ten millions digit of 300515421?
0
What is the billions digit of 3702040432?
3
What is the billions digit of 1589993936?
1
What is the tens digit of 5008516792?
9
What is the thousands digit of 504182488?
2
What is the ten millions digit of 483525618?
8
What is the units digit of 4246250623?
3
What is the tens digit of 98047454?
5
What is the hundred thousands digit of 132057837?
0
What is the thousands digit of 1695820439?
0
What is the ten millions digit of 949748124?
4
What is the millions digit of 547063639?
7
What is the units digit of 677034866?
6
What is the tens digit of 726647247?
4
What is the hundreds digit of 19759963?
9
What is the millions digit of 243920050?
3
What is the ten millions digit of 195874000?
9
What is the ten thousands digit of 38109066?
0
What is the tens digit of 161724557?
5
What is the hundred thousands digit of 1313228852?
2
What is the ten millions digit of 58075457?
5
What is the tens digit of 88018641?
4
What is the hundred millions digit of 1406527640?
4
What is the ten thousands digit of 96655088?
5
What is the thousands digit of 2885957?
5
What is the units digit of 62871543?
3
What is the thousands digit of 115253329?
3
What is the units digit of 515966805?
5
What is the thousands digit of 399376082?
6
What is the millions digit of 346528687?
6
What is the ten millions digit of 1351924100?
5
What is the tens digit of 12515717?
1
What is the tens digit of 1071089910?
1
What is the hundred thousands digit of 10126631?
1
What is the ten millions digit of 4344570140?
4
What is the hundreds digit of 11120724?
7
What is the thousands digit of 20886421?
6
What is the hundred thousands digit of 45602579?
6
What is the hundred millions digit of 4408923898?
4
What is the ten millions digit of 2173697262?
7
What is the ten thousands digit of 598255296?
5
What is the thousands digit of 24497107?
7
What is the thousands digit of 3514942422?
2
What is the hundreds digit of 2997072016?
0
What is the billions digit of 1451021580?
1
What is the hundreds digit of 696269918?
9
What is the millions digit of 299646966?
9
What is the hundred thousands digit of 831285525?
2
What is the units digit of 797573576?
6
What is the millions digit of 198593288?
8
What is the ten millions digit of 349221098?
4
What is the ten millions digit of 158250885?
5
What is the hundred thousands digit of 490518?
4
What is the tens digit of 1594140026?
2
What is the units digit of 1680815698?
8
What is the hundred thousands digit of 163518014?
5
What is the millions digit of 153839870?
3
What is the ten thousands digit of 362269018?
6
What is the hundreds digit of 100043749?
7
What is the ten thousands digit of 146397761?
9
What is the hundred thousands digit of 69909930?
9
What is the thousands digit of 694565363?
5
What is the thousands digit of 39540419?
0
What is the thousands digit of 2982121111?
1
What is the hundred thousands digit of 152270564?
2
What is the tens digit of 41852080?
8
What is the ten millions digit of 246151660?
4
What is the hundred thousands digit of 608599700?
5
What is the thousands digit of 45331818?
1
What is the hundreds digit of 635450528?
5
What is the millions digit of 1382893710?
2
What is the ten thousands digit of 103866200?
6
What is the ten thousands digit of 813356880?
5
What is the millions digit of 5714635661?
4
What is the ten millions digit of 106885298?
0
What is the hundreds digit of 41100388?
3
What is the hundred thousands digit of 112194484?
1
What is the hundreds digit of 2640906774?
7
What is the hundred millions digit of 4348703018?
3
What is the hundred millions digit of 114779822?
1
What is the hundreds digit of 34196833?
8
What is the billions digit of 5482422942?
5
What is the ten thousands digit of 1769357611?
5
What is the millions digit of 433301741?
3
What is the ten thousands digit of 646906253?
0
What is the ten millions digit of 78694632?
7
What is the millions digit of 73309369?
3
What is the tens digit of 301679527?
2
What is the units digit of 401423206?
6
What is the ten thousands digit of 100305011?
0
What is the ten millions digit of 36157616?
3
What is the hundreds digit of 36885870?
8
What is the hundred thousands digit of 29534278?
5
What is the billions digit of 2565484320?
2
What is the hundred millions digit of 116903355?
1
What is the millions digit of 293330845?
3
What is the ten thousands digit of 31128662?
2
What is the units digit of 182755046?
6
What is the tens digit of 367789255?
5
What is the thousands digit of 824343420?
3
What is the units digit of 138445172?
2
What is the tens digit of 30899059?
5
What is the units digit of 85590076?
6
What is the millions digit of 3798685889?
8
What is the millions digit of 4245266760?
5
What is the thousands digit of 40987381?
7
What is the hundreds digit of 442604631?
6
What is the hundred millions digit of 105151089?
1
What is the thousands digit of 208263769?
3
What is the hundred millions digit of 2356681154?
3
What is the tens digit of 242091746?
4
What is the hundreds digit of 447929894?
8
What is the billions digit of 2446506153?
2
What is the ten millions digit of 118384997?
1
What is the tens digit of 3563629?
2
What is the ten millions digit of 18615607?
1
What is the hundreds digit of 17418454?
4
What is the units digit of 139250722?
2
What is the thousands digit of 231833304?
3
What is the ten millions digit of 31429994?
3
What is the hundred thousands digit of 10958347?
9
What is the ten thousands digit of 1545850965?
5
What is the units digit of 441718656?
6
What is the ten thousands digit of 12261454?
6
What is the units digit of 501160110?
0
What is the hundreds digit of 113648583?
5
What is the hundred millions digit of 378352487?
3
What is the thousands digit of 307134836?
4
What is the thousands digit of 2403988310?
8
What is the tens digit of 28404629?
2
What is the ten thousands digit of 415884345?
8
What is the hundred thousands digit of 53057535?
0
What is the ten thousands digit of 69223544?
2
What is the units digit of 6750124937?
7
What is the ten thousands digit of 1915166773?
6
Wh